519 a factor of 68575829?
False
Is 856290400 a multiple of 1120?
True
Does 50 divide 76340574?
False
Is 521 a factor of 128292509?
False
Is 263 a factor of 2009941732?
True
Does 6 divide 2680902?
True
Is 206705732 a multiple of 4?
True
Does 6 divide 263905656?
True
Is 318620710 a multiple of 4?
False
Is 8836 a factor of 763059288?
True
Is 3130745 a multiple of 19?
False
Is 13 a factor of 36788375?
True
Is 52 a factor of 55426724?
False
Is 10 a factor of 790337960?
True
Is 38 a factor of 23855070?
True
Is 48 a factor of 264773280?
True
Is 1714522544 a multiple of 98?
True
Is 3127 a factor of 680510248?
True
Is 791 a factor of 3068148471?
False
Is 5237 a factor of 397268346?
True
Does 41 divide 5326023?
True
Is 10527903 a multiple of 44?
False
Does 76 divide 8327624?
True
Is 1137 a factor of 45668742?
True
Is 8 a factor of 122201729?
False
Does 4 divide 30516884?
True
Is 51 a factor of 21044413?
False
Does 15 divide 10745250?
True
Is 10656067 a multiple of 210?
False
Is 2588 a factor of 193942132?
True
Is 11 a factor of 406284798?
False
Does 131 divide 330728495?
True
Is 2845 a factor of 86692840?
True
Is 40689686 a multiple of 281?
False
Is 1095 a factor of 87712785?
True
Is 380 a factor of 35858456?
False
Does 117 divide 20694141?
True
Does 26 divide 5892341981?
False
Is 3 a factor of 8629710?
True
Is 71 a factor of 30351506?
True
Does 680 divide 1570207124?
False
Is 16 a factor of 1434095312?
True
Is 45 a factor of 27227603?
False
Does 2812 divide 461016609?
False
Is 217038423 a multiple of 24?
False
Does 15 divide 17484562?
False
Is 4462086 a multiple of 1246?
False
Does 1153 divide 227236231?
False
Is 32 a factor of 1303295360?
True
Is 8360 a factor of 164124601?
False
Is 341 a factor of 136728724?
True
Is 124188621 a multiple of 350?
False
Does 530 divide 198602769?
False
Does 57 divide 212097?
True
Is 232101862 a multiple of 833?
False
Does 178 divide 57379282?
False
Does 8 divide 256769046?
False
Is 8056602 a multiple of 712?
False
Is 1371948513 a multiple of 437?
False
Does 826 divide 38379286?
False
Does 7 divide 140176166?
False
Is 61767923 a multiple of 653?
True
Does 296 divide 33143277?
False
Does 24 divide 22877328?
True
Does 173 divide 12882618?
True
Is 421 a factor of 56433004?
False
Is 11 a factor of 30509919?
True
Does 27 divide 992979783?
True
Is 91550760 a multiple of 2190?
True
Is 109 a factor of 1928800318?
False
Is 64 a factor of 62341339?
False
Is 314 a factor of 73420422?
True
Is 113 a factor of 50305114?
True
Is 5625424 a multiple of 112?
True
Is 1176147523 a multiple of 15?
False
Is 12212496 a multiple of 24?
True
Does 23 divide 153360068?
False
Does 43 divide 91565447?
True
Does 57 divide 213454882?
False
Is 337470900 a multiple of 25?
True
Does 2496 divide 270060695?
False
Does 30 divide 266718330?
True
Is 2843 a factor of 298910177?
True
Is 7421498 a multiple of 827?
True
Is 146 a factor of 102627342?
True
Does 45 divide 28189368?
False
Is 135 a factor of 14081679?
False
Does 746 divide 1058272616?
True
Is 168769936 a multiple of 8?
True
Is 1485787 a multiple of 4?
False
Is 3089818574 a multiple of 23?
True
Does 384 divide 54551040?
True
Does 13 divide 21818030?
True
Is 1910499161 a multiple of 5300?
False
Is 15429102 a multiple of 1653?
True
Is 123006628 a multiple of 68?
True
Does 197 divide 426154773?
False
Is 6677 a factor of 1850557258?
True
Does 135 divide 37985998?
False
Is 7188782 a multiple of 206?
True
Is 840 a factor of 463114680?
True
Does 676 divide 62616528?
True
Is 132487385 a multiple of 16?
False
Is 11134256 a multiple of 774?
False
Is 113450315 a multiple of 307?
True
Does 96 divide 453460224?
True
Is 561232526 a multiple of 17?
True
Does 444 divide 7444548?
True
Does 9 divide 85583441?
False
Is 201 a factor of 459104963?
False
Is 1156 a factor of 242193560?
True
Is 190488285 a multiple of 195?
True
Does 16 divide 56736224?
True
Is 1289028617 a multiple of 4272?
False
Is 149 a factor of 63047288?
False
Is 40 a factor of 3259157?
False
Does 90 divide 31193602?
False
Is 11 a factor of 2396138?
False
Does 64 divide 17076961?
False
Is 990 a factor of 103763101?
False
Is 2120 a factor of 839062418?
False
Is 16 a factor of 97773798?
False
Is 3440 a factor of 851537237?
False
Is 118074668 a multiple of 88?
False
Is 3194 a factor of 100267730?
False
Does 7 divide 102048434?
False
Is 437 a factor of 138978673?
True
Is 9150 a factor of 1429245676?
False
Is 219 a factor of 345131736?
True
Is 162 a factor of 635573628?
True
Does 23 divide 43559562?
True
Is 289979066 a multiple of 263?
True
Does 3 divide 5834657?
False
Does 686 divide 280803124?
True
Is 756 a factor of 98138407?
False
Is 49384368 a multiple of 88?
True
Is 273 a factor of 16266856?
False
Does 182 divide 3496766?
True
Is 384 a factor of 7912962?
False
Does 62 divide 84088989?
False
Does 1446 divide 15863984?
False
Is 1480 a factor of 86492680?
True
Is 22 a factor of 1722782?
False
Is 139 a factor of 90180420?
True
Is 1055 a factor of 25448255?
False
Is 222 a factor of 147097422?
True
Is 1887617 a multiple of 2?
False
Is 118 a factor of 11089522?
True
Does 1255 divide 39163530?
True
Does 16 divide 158997276?
False
Is 691579567 a multiple of 17?
True
Does 192 divide 624438912?
True
Is 56 a factor of 545982991?
False
Does 113 divide 5731247?
True
Is 155932945 a multiple of 104?
False
Is 26 a factor of 141805430?
True
Does 5931 divide 943616169?
True
Does 29 divide 37269234?
True
Is 19572406 a multiple of 6?
False
Is 771 a factor of 396748208?
False
Does 310 divide 273705512?
False
Is 176370875 a multiple of 243?
False
Is 188 a factor of 443971378?
False
Is 10446945121 a multiple of 18?
False
Is 77860790 a multiple of 5?
True
Is 1484294039 a multiple of 12?
False
Is 41 a factor of 16924722?
False
Is 47661064 a multiple of 44?
True
Is 12354 a factor of 4176813276?
True
Is 899 a factor of 11681606?
True
Does 92 divide 40127319?
False
Is 7 a factor of 566011194?
True
Is 177 a factor of 13089768?
False
Is 234879124 a multiple of 214?
True
Does 10 divide 1037666765?
False
Does 5646 divide 2961323993?
False
Does 643 divide 321160496?
True
Does 42 divide 12816090?
True
Is 96 a factor of 78265166?
False
Is 22 a factor of 26962427?
False
Is 566446154 a multiple of 6?
False
Is 4937309280 a multiple of 144?
True
Is 711202779 a multiple of 916?
False
Is 317 a factor of 744196174?
True
Is 664 a factor of 36147182?
False
Is 50 a factor of 363594962?
False
Is 22040160 a multiple of 8?
True
Is 168034461 a multiple of 1996?
False
Is 60595733 a multiple of 302?
False
Does 1954 divide 144813538?
False
Is 165 a factor of 168443715?
True
Is 46363415 a multiple of 27?
False
Is 320515748 a multiple of 1111?
False
Does 63 divide 133232748?
False
Is 12 a factor of 55779734?
False
Is 329871255 a multiple of 95?
True
Does 23 divide 6627415?
False
Does 3033 divide 54629402?
False
Is 228 a factor of 7852830?
False
Does 659 divide 3209035685?
False
Is 21846880 a multiple of 1760?
True
Is 7355344 a multiple of 16?
True
Is 971128563 a multiple of 4696?
False
Is 151463305 a multiple of 305?
True
Is 79969109 a multiple of 671?
True
Is 231030402 a multiple of 4?
False
Does 2154 divide 319050480?
True
Is 4853849 a multiple of 4?
False
Does 15 divide 7567440?
True
Does 40 divide 55413264?
False
Is 5 a factor of 86592505?
True
Is 320887781 a multiple of 84?
False
Does 17 divide 98295827?
False
Does 215 divide 1217666?
False
Is 37684895 a multiple of 1933?
False
Is 36 a factor of 3226752?
True
Is 995742495 a multiple of 495?
True
Is 1813 a factor of 834172178?
True
Is 909 a factor of 71772944?
False
Does 31 divide 29107177?
False
Does 9 divide 451006560?
True
Is 32742166 a multiple of 5?
False
Is 4 a factor of 98056?
True
Does 22 divide 1233516?
False
Is 1147323468 a multiple of 9204?
False
Is 7737954 a multiple of 37?
False
Is 14 a factor of 57417455?
False
Does 31 divide 270635115?
True
Is 4108650 a multiple of 15?
True
Is 6632818 a multiple of 17?
False
Does 13 divide 47569054?
True
Is 439250026 a multiple of 651?
False
Does 5867 divide 423055011?
False
Is 1184 a factor of 4212509245?
False
Is 2131693368 a multiple of 84?
True
Is 1102 a factor of 3232101867?
False
Is 11868702 a multiple of 303?
False
Does 5787 divide 167180643?
True
Is 310596816 a multiple of 10?
False
Does 17 di